Let b(m) = m + 3 - m + 0 - 2*m. Let p(c) = -6*b(c) - 7*q(c). Let v(f) = f + 1. Let o(g) = -p(g) - 3*v(g). Give o(0).
-6
Let u(t) be the first derivative of -t**2/2 - 13*t - 200. What is u(-12)?
-1
Let b(c) = 11*c**3 - 2*c**2 + 5*c. Let a(y) = -18*y**3 + 3*y**2 - 9*y + 1. Let n(w) = -3*a(w) - 5*b(w). Determine n(2).
-3
Let z be -1 - (1 + -3 + 2). Let o(y) be the second derivative of y**3/3 + y**2/2 - 663*y. Determine o(z).
-1
Let w(v) = v**2 + v. Let m be 1 + (1 - 0 - (-2 - -6)). Let n be (m + 0)*(-21)/(-14). Determine w(n).
6
Let r(h) = 3*h + 22. Let m be r(-4). Let z(b) = b**2 - 10*b - 2. Calculate z(m).
-2
Let b(q) = -q - 1. Let n(m) = -m**2 - 11*m - 12. Suppose 3*i + 18 = 3*d, -2*i + 3*i + 21 = 4*d. Let t(j) = i*n(j) + 6*b(j). Calculate t(-6).
12
Let u(p) be the second derivative of 1/6*p**3 - 3*p**2 + 0 + 16*p. Let y = 0 - 0. Determine u(y).
-6
Let q(c) = 2*c**2 + 7*c - 6. Suppose 6*n - 66 = -102. Determine q(n).
24
Let t(v) = 4*v - 7. Let y = 220 - 217. Calculate t(y).
5
Let v(g) be the second derivative of -g**4/12 - g**3 - g**2 + 70*g. Give v(-6).
-2
Let q(f) be the first derivative of f**3/3 + 5*f**2/2 + 6*f + 182. What is q(-4)?
2
Let v be (-6)/(-21) + 74/(-14). Let m be (-15 - 1) + (v - -4). Let f = 14 + m. Let y(i) = -i**2 - 4*i - 2. Give y(f).
1
Let a(l) = 32*l - 1. Let o be (-11)/8 + 114/304. Determine a(o).
-33
Let o(f) = -f**2 - 7*f - 1. Let a = 47 - 77. Let h = 24 + a. Give o(h).
5
Let f(c) = c**3 + 3*c**2 - 4*c + 4. Let v(i) = -i - 10. Let q be v(-3). Suppose 0 = m + 2*s + 13, -5*m - 62 = -s - 8. Let d = m - q. Determine f(d).
4
Let p(r) = -r**2 - 4*r + 1. Let w be (-9)/2 + (-8)/80*-5. Calculate p(w).
1
Let c = 1 + 0. Let g(i) = -9*i**2 + 7*i - 13. Let f(m) = -3*m**2 + m - 2. Let j(d) = -6*f(d) + g(d). What is j(c)?
9
Suppose -z + 9 = 3*g + g, 4 = -2*g. Let f(r) = -3*r - 5*r - 8*r + 3*r**3 + z*r. Calculate f(-1).
-4
Suppose -x + 1 = 5. Let n(s) be the first derivative of -s**3/3 - s**2/2 + 1. Let q(g) = 7*g**2 + 3*g - 1. Let y(u) = x*n(u) - q(u). Determine y(-2).
-13
Let u(f) = 92*f - 14 + 56*f - 150*f. Give u(11).
-36
Let g = 9 - 7. Let h(n) = 2*n - 1. Let z(s) = s**2 + 1. Let i(k) = h(k) + z(k). Determine i(g).
8
Suppose -2*n - 8*n + 20 = 0. Let w(b) = -4*b + 1. Determine w(n).
-7
Let j be 18/(-24) + (-35)/(-20). Suppose 0 = -m - 4*m + 10. Let l = j + m. Let f(w) = -w**2 + 3*w - 3. Give f(l).
-3
Let o = -2 - 15. Let m(v) = -v**2 - 17*v - 1. Calculate m(o).
-1
Let m(u) be the third derivative of -u**8/20160 + u**7/630 - u**6/180 - 13*u**5/30 - 5*u**2. Let t(x) be the third derivative of m(x). What is t(6)?
8
Let l(s) = 5*s + 5. Let p(c) = -6*c**3 - 14*c**2 + 31*c - 11. Let i(w) = -5*w**3 - 14*w**2 + 30*w - 10. Let o(x) = 7*i(x) - 6*p(x). Let d be o(12). Give l(d).
-15
Let p(x) = x + 1. Let k be (1 - -5)*(-18)/(-3). Suppose 12*u - 9*u + k = 0. Let d be (7/2)/((-6)/u). Give p(d).
8
Let m(v) = v**3 - 1. Let q(y) = -7*y**3 - y**2 + y + 2. Let x(r) = 2*m(r) + q(r). Let t(u) = -u**3 + 15*u**2 - 13*u - 13. Let d be t(14). Determine x(d).
-5
Let q(p) = 11*p + 3. Let x(a) = 5*a + 1. Let k(h) = 6*q(h) - 13*x(h). Give k(4).
9
Let f(u) = u**3 + 5*u**2 - 2*u - 5. Let p be 624/30 - 2/(-10). Let g be ((-29)/(-3))/((-7)/p). Let n = g - -24. Calculate f(n).
5
Let u(m) = 10*m**3 - 14*m**2 + 24*m - 9. Let r(b) = -12*b**3 - 2*b**2 - 7*b**2 + 8*b**3 + 16*b + 11*b**3 - 6. Let n(d) = 7*r(d) - 5*u(d). Determine n(6).
-9
Let r(c) = 11*c**2 + c**3 + 2*c + 0*c**2 - 7*c**2 - c**2 - 4. Suppose 10*o + 20 = -10. Determine r(o).
-10
Let s(n) be the first derivative of 14*n**2 + 18*n - 1. Let d(z) = -9*z - 6. Let b be (-3*25/45)/((-3)/(-9)). Let j(m) = b*s(m) - 16*d(m). What is j(-5)?
-14
Let u(g) = -81*g**2 - 3 + 80*g**2 + g + 16. Let j = -2 - -2. Calculate u(j).
13
Let l = -56 + 50. Let w(j) = -3*j - 14. Let v be w(l). Let t(f) = f + 5. What is t(v)?
9
Suppose 0 = -l - 5*p + 20, -2*p + 0 + 1 = -l. Let s(n) = n**2 - 5*n. Let i be s(l). Let k(r) = -1. Let v(w) = -w + 10. Let t(q) = -4*k(q) - v(q). What is t(i)?
-6
Let r(m) = 1 - 100*m - 105*m + 0 + 214*m. Calculate r(-1).
-8
Suppose 6 = -3*z + 2*l, 3*z + 3*l = 5*z + 9. Suppose z = -g + 5*i - 9, 5*g + 0*i = 2*i + 24. Suppose -g = 5*v - 3*v. Let j(u) = -u. Give j(v).
3
Let s(z) = -9*z + 40. Let g(b) = -98*b - 93. Let i be g(-1). What is s(i)?
-5
Let x(z) = 7*z**2 + 1. Let g(a) = -2*a + 29. Let w be g(14). Calculate x(w).
8
Let s(i) = 4*i + 110. Let g be s(-27). Let c(f) = 5*f**3 - 2*f**2 - 2*f + 3. Determine c(g).
31
Let n(v) = -v**3 + 18*v**2 - 17*v + 6. Let d be (-10)/75 + ((-1285)/(-75))/1. Calculate n(d).
6
Let d(g) be the second derivative of -5*g**4/12 + g**3/3 - 3*g**2/2 + 172*g. Determine d(2).
-19
Let s(u) = -3*u**2 + 2*u + u - 6*u + 2. Let j be 22/2 - (66 + -57). Calculate s(j).
-16
Let b(p) = 2*p**2 - 29*p + 5. Suppose d - 6*d - 2*z + 76 = 0, 2*d - 16 = 4*z. Give b(d).
-9
Suppose -j - 6 = -v - 4*v, -5*j = -v - 18. Suppose 3*o + 148 = 7*o. Let g(z) = -3*z - 38*z**3 - 2 - 2 - 1 + o*z**3 + 6*z**2. Give g(j).
15
Let z(t) = t**2 - 5*t - 8. Suppose -3*s - 30 = 5*c, -4*s = 3*c - 6*c + 69. Let k be (-3)/(-5) - 36/s. Suppose k*j - 10 - 8 = 0. Calculate z(j).
-2
Let a = -506 - -508. Let k(d) = 2*d + 0 + 8*d**3 - 1 - 6*d**3. Give k(a).
19
Let g = 50 + -79. Let s = -25 - g. Let x(o) = -5*o + 3. Calculate x(s).
-17
Let u(i) be the third derivative of 31*i**6/120 - i**4/24 - 142*i**2. Determine u(-1).
-30
Let c(t) = 5*t**2 - 4*t - 1. Let x(o) = -2*o**2 + 2*o. Let q(h) = 3*c(h) + 8*x(h). Calculate q(3).
0
Let c(o) = -5*o + 6. Let h = 245 - 251. Determine c(h).
36
Let b(x) = -6*x**3 + 2*x**2 - 2*x + 1. Let r = -39 - -49. Suppose 14*t - r*t = 4. Give b(t).
-5
Let o be (-3 + 4 + -1)*1. Let q(b) = -b**2 + b + 48 + 6*b + o*b - 57. Calculate q(6).
-3
Let l(b) = 6*b + 40. Let q(g) = -g**2 + 25*g - 106. Let x be q(5). Give l(x).
4
Let w(j) = -9*j**3 - 7*j**2 + 5*j - 1. Let t(a) = -14*a**3 - 8*a**2 + 6*a. Let y(u) = -2*t(u) + 3*w(u). Calculate y(4).
-7
Let g(q) = 343 + q**2 + 2*q - 343 - 5*q**2 + 2*q**3. Let u be 4/4 + -4 - -5. Determine g(u).
4
Let g be (8/6)/((-68)/(-51)). Let b(c) = 4*c**2 + c. Calculate b(g).
5
Let g(z) be the third derivative of z**4/24 - z**3/3 + z**2. Suppose -4*u - 2*y - 234 = 0, 69 = -u + 5*y + 5. Let o = 53 + u. What is g(o)?
-8
Let t(h) = -5*h - 15. Let a = 1944 + -1954. Give t(a).
35
Let c(x) = -x**2 + x + 4. Let u be (-4)/(-3)*(9 - 30). Let l = -30 - u. Let m(q) = -q**2 - 2*q + 4. Let b be m(l). What is c(b)?
-8
Let b(o) = -9*o**2 + 2*o - 1. Let u(t) be the first derivative of t**4/4 - 5*t**3/3 - 3*t**2 - 4*t + 12. Let y be u(6). Let p be 1/y + (-50)/(-40). Give b(p).
-8
Let h(w) = -w**2 + 4*w + 2. Suppose 4*c + c - 15 = 0. Suppose 24 = 4*k - 4*l, -c*k + 2*l + 4 + 13 = 0. Calculate h(k).
-3
Let q(z) = -z**2 - 2*z + 4. Let y be q(-4). Let d be 13/5 - 2/(-5). Let c(m) = 5 + d + 4*m - m - 2*m. Give c(y).
4
Let h = 22 + -18. Let a(l) = -4*l + 262 - 86 + l**2 - 87 - 84. Determine a(h).
5
Let a(c) = -6 - 6*c + 6*c - c. Suppose -z + 10 = -3*z. Calculate a(z).
-1
Let u(o) = o**3 - 5*o**2 + 6*o - 3. Suppose -679*a - 48 = -703*a. Determine u(a).
-3
Let y(a) = a**3 - 6*a**2 - a. Let m(d) = d**3 + d**2 - 6*d + 15. Let l be m(3). Let p = 39 - l. Give y(p).
-6
Let x(l) = l**3 - l**2 + 2*l - 3. Let a be 16/10 - (-17)/(85/2). Determine x(a).
5
Let z(d) = -d + 2. Let k be z(-6). Let y(c) = 6 + 2*c + k*c - 12*c. Give y(4).
-2
Suppose 116 = -18*x + 8. Let w(a) = 6*a + 24. What is w(x)?
-12
Let c(z) = z**2 - 11*z - 9. Let s(o) = 2*o**2 - 13*o - 9. Let a(n) = 3*c(n) - 2*s(n). Calculate a(-6).
-3
Let b(c) = -c**3 - 8 - 10*c**2 - 12*c**2 - c + 48*c**2 - 18*c**2. Determine b(8).
-16
Let t = 0 - 0. Suppose t = -4*x + 2*x - 8. Let v(j) = 2*j - 2. Let q(o) = -7*o + 8. Let u(b) = 6*q(b) + 22*v(b). Determine u(x).
-4
Let n(l) = -136*l + 83*l + 54*l + 9. Suppose 0 = -k - 6. Calculate n(k).
3
Let c(q) be the second derivative of q**6/360 - q**5/15 + 7*q**4/24 - q**3/6 + 2*q. Let z(t) be the second derivative of c(t). Let v = -33 + 39. Give z(v).
-5
Let f(y) = 6*y**2 - 7. Let z(i) = -7*i**2 + i + 7. Let q(o) = 6*f(o) + 5*z(o). Calculate q(-7).
7
Let b = 326 + -328. Let j(p) = -p**3 - 3*p**2 + 3*p + 2. Determine j(b).
-8
Let m(a) be the second derivative of -a**4/12 + a**3/2 + a**2 - 4*a + 6. Give m(-3).
-16
Let n(o) = o